hat is the ten thousands digit of 382155217?
5
What is the hundred thousands digit of 29595041?
5
What is the billions digit of 3323972452?
3
What is the units digit of 19181182?
2
What is the ten thousands digit of 639469274?
6
What is the hundred millions digit of 2360070546?
3
What is the hundreds digit of 4327384?
3
What is the units digit of 5465362458?
8
What is the hundred thousands digit of 54816912?
8
What is the hundred thousands digit of 75908690?
9
What is the hundreds digit of 20412386?
3
What is the tens digit of 1992086?
8
What is the ten thousands digit of 1042026960?
2
What is the tens digit of 252616612?
1
What is the millions digit of 65759551?
5
What is the hundred thousands digit of 876713602?
7
What is the units digit of 54587096?
6
What is the hundreds digit of 79888357?
3
What is the units digit of 3539233709?
9
What is the thousands digit of 143823817?
3
What is the units digit of 32884328?
8
What is the ten millions digit of 901199373?
0
What is the tens digit of 901493924?
2
What is the units digit of 209754117?
7
What is the tens digit of 4301537226?
2
What is the millions digit of 2053431224?
3
What is the ten millions digit of 78837500?
7
What is the hundreds digit of 189001276?
2
What is the millions digit of 6606423133?
6
What is the tens digit of 20121549?
4
What is the units digit of 42220042?
2
What is the ten thousands digit of 84783262?
8
What is the thousands digit of 3410488202?
8
What is the millions digit of 2472477801?
2
What is the ten millions digit of 3065884364?
6
What is the ten thousands digit of 36632463?
3
What is the thousands digit of 2666771601?
1
What is the hundreds digit of 962569984?
9
What is the thousands digit of 1743312436?
2
What is the thousands digit of 238035737?
5
What is the thousands digit of 783564158?
4
What is the hundred millions digit of 1580349289?
5
What is the hundreds digit of 75264316?
3
What is the ten thousands digit of 2918193?
1
What is the tens digit of 270107876?
7
What is the tens digit of 50476676?
7
What is the units digit of 1621666925?
5
What is the hundred thousands digit of 44145152?
1
What is the hundreds digit of 7760926?
9
What is the tens digit of 1022184250?
5
What is the thousands digit of 2272480412?
0
What is the thousands digit of 2761538073?
8
What is the ten millions digit of 47756888?
4
What is the hundred thousands digit of 39133309?
1
What is the hundred thousands digit of 160103741?
1
What is the thousands digit of 764292880?
2
What is the thousands digit of 704343145?
3
What is the millions digit of 7185418152?
5
What is the hundred thousands digit of 31698953?
6
What is the thousands digit of 802803484?
3
What is the hundred millions digit of 134734082?
1
What is the billions digit of 3107786445?
3
What is the ten thousands digit of 432653238?
5
What is the millions digit of 297342755?
7
What is the units digit of 3563915811?
1
What is the ten thousands digit of 134444488?
4
What is the hundred thousands digit of 104189768?
1
What is the millions digit of 5902329047?
2
What is the ten thousands digit of 1919756977?
5
What is the ten millions digit of 4337138423?
3
What is the ten millions digit of 36041117?
3
What is the thousands digit of 60468511?
8
What is the hundred thousands digit of 31928082?
9
What is the tens digit of 518787334?
3
What is the hundred millions digit of 2082486899?
0
What is the millions digit of 710209154?
0
What is the hundreds digit of 125624863?
8
What is the millions digit of 4085447017?
5
What is the thousands digit of 1563610253?
0
What is the hundred thousands digit of 482453283?
4
What is the tens digit of 7164640511?
1
What is the thousands digit of 67227251?
7
What is the hundreds digit of 438366272?
2
What is the thousands digit of 388520264?
0
What is the hundred millions digit of 1727014716?
7
What is the hundreds digit of 1946023460?
4
What is the hundreds digit of 868904569?
5
What is the units digit of 677190345?
5
What is the tens digit of 10374056?
5
What is the ten millions digit of 584312795?
8
What is the hundred millions digit of 646779589?
6
What is the hundred millions digit of 7200108711?
2
What is the hundred millions digit of 860209475?
8
What is the thousands digit of 1024471856?
1
What is the millions digit of 459967313?
9
What is the millions digit of 955920545?
5
What is the hundreds digit of 53767352?
3
What is the hundred millions digit of 673814300?
6
What is the units digit of 338062907?
7
What is the hundreds digit of 77471817?
8
What is the tens digit of 2049917874?
7
What is the hundreds digit of 366500376?
3
What is the units digit of 164602441?
1
What is the units digit of 215672348?
8
What is the millions digit of 2010873119?
0
What is the units digit of 19621610?
0
What is the millions digit of 1083064971?
3
What is the units digit of 334128987?
7
What is the millions digit of 51405064?
1
What is the ten thousands digit of 49136368?
3
What is the ten millions digit of 37425709?
3
What is the hundred millions digit of 707602129?
7
What is the hundreds digit of 5885981?
9
What is the ten millions digit of 298810113?
9
What is the hundreds digit of 8232820072?
0
What is the hundred thousands digit of 78667046?
6
What is the tens digit of 939172693?
9
What is the thousands digit of 157568540?
8
What is the hundred millions digit of 4644883131?
6
What is the ten thousands digit of 70787740?
8
What is the tens digit of 91019690?
9
What is the ten thousands digit of 35216958?
1
What is the ten thousands digit of 17124877?
2
What is the billions digit of 4137429181?
4
What is the millions digit of 31058552?
1
What is the tens digit of 12972873?
7
What is the hundred millions digit of 819911607?
8
What is the units digit of 2429228?
8
What is the hundred millions digit of 1157424139?
1
What is the hundred millions digit of 457010110?
4
What is the hundred thousands digit of 394640765?
6
What is the hundred millions digit of 3950952435?
9
What is the hundreds digit of 733125556?
5
What is the ten thousands digit of 3903361?
0
What is the millions digit of 772836083?
2
What is the ten thousands digit of 3412742168?
4
What is the ten thousands digit of 14444767?
4
What is the millions digit of 516857660?
6
What is the ten millions digit of 131687667?
3
What is the thousands digit of 37969585?
9
What is the hundred thousands digit of 62499040?
4
What is the units digit of 172780663?
3
What is the thousands digit of 89906020?
6
What is the ten thousands digit of 151418962?
1
What is the hundred thousands digit of 68539060?
5
What is the hundreds digit of 2608942548?
5
What is the units digit of 744163496?
6
What is the ten thousands digit of 10452268?
5
What is the millions digit of 3483677?
3
What is the ten thousands digit of 49048632?
4
What is the hundred millions digit of 322211418?
3
What is the ten millions digit of 79038616?
7
What is the hundreds digit of 8169726?
7
What is the billions digit of 5835894042?
5
What is the tens digit of 2766323604?
0
What is the ten millions digit of 26541991?
2
What is the hundred thousands digit of 83933745?
9
What is the millions digit of 1547055123?
7
What is the millions digit of 44082779?
4
What is the ten millions digit of 465204669?
6
What is the hundreds digit of 31801504?
5
What is the hundreds digit of 940659997?
9
What is the ten thousands digit of 2653630846?
3
What is the millions digit of 92781384?
2
What is the units digit of 327680063?
3
What is the units digit of 85270593?
3
What is the tens digit of 207281755?
5
What is the ten thousands digit of 1000706454?
0
What is the units digit of 27525512?
2
What is the hundred thousands digit of 21903632?
9
What is the thousands digit of 129984471?
4
What is the millions digit of 71916554?
1
What is the hundred millions digit of 537059912?
5
What is the ten millions digit of 76652016?
7
What is the ten thousands digit of 461446676?
4
What is the thousands digit of 4197080143?
0
What is the thousands digit of 4800245699?
5
What is the millions digit of 352211975?
2
What is the ten millions digit of 63494086?
6
What is the hundred thousands digit of 715175402?
1
What is the hundreds digit of 177760435?
4
What is the hundred thousands digit of 14050008?
0
What is the thousands digit 